1
Let k(h) = 6*h**2 + 5*h + 15. Calculate the remainder when 125 is divided by k(-3).
17
Suppose 3*q = 4*l + 3425, -1 - 3 = -4*l. What is the remainder when q is divided by 8?
7
Let i(j) = 2*j**2 + 3*j - 1. Let w be i(-2). Let z(f) = -3 + 22*f**3 - 4*f**3 + 2*f + 0 + f**2. What is the remainder when 70 is divided by z(w)?
16
Let y = 9 + 4. Suppose -129*i = -5777 + 1004. What is the remainder when i is divided by y?
11
Suppose 526*z + 210 = 540*z. What is the remainder when 343 is divided by z?
13
Suppose -21 = -11*u + 8*u + 5*d, -4*u - 5*d = -98. What is the remainder when 1290 is divided by u?
15
Let g be -5 + 8 + -2 - -23. Suppose -5*a + 44 + g = l, 0 = -l + a + 62. Suppose 0 = 18*k - 15*k - l. What is the remainder when 41 is divided by k?
20
Suppose -2928 - 849 = -20*i + 463. Calculate the remainder when i is divided by 18.
14
Let f be 306/36*(-3 - -2 - -3). Suppose 844 = f*s + 130. What is the remainder when (-25*5 + 2)*-1 is divided by s?
39
Let y(v) = 346*v - 13. Let m be 2/(-3)*(-7 + (1 - -3)). Calculate the remainder when y(m) is divided by 31.
28
Let s = -11920 + 12087. Calculate the remainder when 333 is divided by s.
166
Let d(a) = -8 + 8 - a**2 - 12. Let v(m) = m**2 + m + 1. Let y(c) = d(c) + 3*v(c). What is the remainder when y(-5) is divided by 6?
2
Suppose 12*s - 16*s + 744 = 0. Suppose 5*w = 2*m + 484, 0 = 2*w - 4*w - 3*m + s. What is the remainder when w is divided by 21?
12
Suppose -36*o - 180 + 900 = 0. What is the remainder when 647 is divided by o?
7
Suppose 463*u - 16579 = 357*u + 71719. Calculate the remainder when u is divided by 253.
74
Suppose 24*i - 41*i + 28*i = 242. What is the remainder when 1429 is divided by i?
21
Suppose 3*g - 4*j - 3947 = -3608, 0 = 4*j - 12. What is the remainder when g is divided by 3*(26/6 + -1)?
7
Suppose -3297 = -17*i - 305. Calculate the remainder when i is divided by 13.
7
Let j be (48/15)/(12/30). Suppose 0 = -j*x + 4*x + 748. Calculate the remainder when x is divided by 114/(-8)*24/(-9).
35
Calculate the remainder when 1513 is divided by (-2)/(-3)*(-1863)/(-18).
64
Suppose -3*d + 23*y = 27*y - 492, 4*d = -5*y + 655. What is the remainder when 511 is divided by d?
31
Suppose -1072*i + 1437*i = 197830. What is the remainder when 587 is divided by i?
45
Let w(m) = 4*m - 23. Let j(c) = 17*c - 93. Let g(u) = 2*j(u) - 9*w(u). Suppose -5*f - 55 = -5*b - f, -5 = f. Calculate the remainder when g(b) is divided by 3.
1
Let p = 13 - -10. Suppose -756 = 3*n + 3*u - 4*u, -5*u + 768 = -3*n. Let q = -237 - n. What is the remainder when p is divided by q?
9
Let u(a) = a + 173. Suppose -1847 + 1352 = -60*i + 2265. What is the remainder when u(0) is divided by i?
35
Suppose 0 = 5064*g - 5054*g - 1760. What is the remainder when 635 is divided by g?
107
Calculate the remainder when (8/(-6))/(12/(-3078)) is divided by 3.
0
Suppose 0 = -4*a + 47 - 3. Suppose 3*v = b - a, v + 2 = b - 3. Suppose 4*f + b*g + 4 = 0, 0*f + f = 5*g + 21. Calculate the remainder when 5 is divided by f.
0
Suppose 423 = 9*z - 0*z. Let l(t) = -t**2 + 4*t + 4. Let y be l(4). What is the remainder when (2/y)/(18/(-63))*-52 is divided by z?
44
What is the remainder when -2*45033/255*10/(-4) is divided by 292?
7
Suppose 5*p = 502 - 37. Let k = -36104 - -36124. What is the remainder when p is divided by k?
13
Let j(o) = o**3 + 9*o**2 - 4*o - 31. Let v be j(-9). Suppose 4*k + v*d = 47, -k - 66 = -6*k + d. Calculate the remainder when 87 is divided by k.
9
Let g(y) = -y**3 + 4*y**2 + y + 1. Let x be g(4). Let c(v) = -96*v + 588. Let f be c(6). Suppose x*j = f*j - 301. What is the remainder when j is divided by 11?
10
Suppose 0 = -5*h - t - 1077, -4*h + 9*t = 6*t + 873. Let c = h - -260. Calculate the remainder when 351 is divided by c.
43
Let h(g) = 6*g**2 - g - 2. Let b be h(-1). Suppose -4*f = -b*k + 4, 5*k + 16 = k. What is the remainder when -4 - (3 + 2*-2) - f is divided by 3?
0
Suppose -126*q = -131*q + 1530. Calculate the remainder when q is divided by (32/6)/(18/81).
18
Suppose -735 = -5*m - 59*a + 55*a, 5*m - 2*a - 735 = 0. What is the remainder when 422 is divided by m?
128
Let q(y) = 5*y**2 + 2*y - 1. Suppose -54*f + 845 = 11*f. Calculate the remainder when q(-3) is divided by f.
12
Calculate the remainder when (-5)/24 + (-62)/(-186) - (-55742)/16 is divided by 42.
40
Let z = 10611 + -10551. What is the remainder when 1915 is divided by z?
55
Let m = -138 + 208. Suppose 8*i - m = 226. Calculate the remainder when i is divided by 5.
2
Let z = -338 - -530. Suppose 51*w - z = 27*w. What is the remainder when 62 is divided by w?
6
Suppose 42*w = 37*w - 60. Let h(c) = -c**3 - 10*c**2 + 11*c - 15. Let p be h(w). Calculate the remainder when 47 is divided by (8/(-28) + p/28)*4.
9
Suppose 157 = 18*l + 103. What is the remainder when 2892 is divided by l?
0
Suppose o = 3*c - 144, -5*o - 51 - 141 = -4*c. Suppose -43*s - 320 = -c*s. What is the remainder when 125 is divided by s?
61
Let h = -27 - -47. Suppose -2*f + h = a - 0*f, -4*f = -20. What is the remainder when 62 is divided by (8 - a) + (0 + 24 - 1)?
20
Let f(k) = 25*k - 101. Let o = 844 - 834. What is the remainder when f(o) is divided by 33?
17
Suppose 25 = 2*r + l, -18 = -3*r + l + 7. Calculate the remainder when (19/2)/((-4)/(-8)) is divided by r.
9
Let r = -19501 - -20094. Calculate the remainder when 656 is divided by r.
63
Let i(y) = 827*y + 5163. What is the remainder when i(-6) is divided by 65/(-2)*-2 + 3?
65
Let k be (-70)/(0 - (-6)/(-3)). Let n = -25 + k. What is the remainder when (4 - 68/16) + 73/4 is divided by n?
8
Suppose -22*i + 13 + 53 = 0. What is the remainder when 97 is divided by 12/(-36) - ((-755)/i)/5?
47
Let i(n) = -2*n**3 + 44*n**2 - 74*n - 66. What is the remainder when 696 is divided by i(20)?
48
Suppose -13*a + 3*h + 86 = -11*a, 130 = 3*a - 4*h. Calculate the remainder when 871 is divided by a.
43
Let s = 296 + -297. Calculate the remainder when 62 is divided by s + (-13)/(-15) - 5734/(-705).
6
Suppose 4*j + 3*m = -354, -4*m - 356 = 4*j - 0*m. Let s = -84 - j. Suppose 13*o - 36*o + 69 = 0. What is the remainder when o is divided by s?
0
Let l = 2337 + -2115. Calculate the remainder when 15761 is divided by l.
221
Let x(p) = -5000 + 2*p + 0*p + 5033. Let f be (-1)/((-3)/9)*-3. Calculate the remainder when 74 is divided by x(f).
14
Let i(a) = -2*a**3 + 19*a**2 - 9*a - 2. Let v be i(7). Suppose 296*o - 293*o - v = 0. Calculate the remainder when 238 is divided by o.
58
Let j = 454 - 463. Let r(w) = 2*w**3 + 19*w**2 + 2*w - 12. What is the remainder when 353 is divided by r(j)?
47
Let j(r) = r**3 + 25*r**2 + 18*r - 7. Calculate the remainder when j(-5) is divided by 25.
3
Let m be 0*(-3)/(-9) - 18. Let f = 2775 + -1557. Calculate the remainder when (-4)/6 - f/m is divided by 14.
11
Let y = 44 - 54. Calculate the remainder when -230*5/(125/y) is divided by 36.
20
Let z(n) be the first derivative of 4*n**2 - 11*n - 107. What is the remainder when z(6) is divided by 8?
5
Suppose 8143 = -19*k + 11145. Calculate the remainder when 650 is divided by k.
18
Suppose 0 = -11*r + 18*r - 28. Suppose r*c - 3*c = 3*g - 98, -5*c = -4*g + 149. Suppose 101 = 5*m + g. Calculate the remainder when 41 is divided by m.
13
Let q be 32/(6/3 - 1). Let g = 663 + -680. Let l = q + g. Calculate the remainder when 43 is divided by l.
13
Let q(l) be the second derivative of -2*l**3/3 - 2*l**2 - 3*l. Suppose -19 - 5 = 8*x. What is the remainder when q(x) is divided by 2?
0
What is the remainder when (0 - -1674)/(-10*(-4)/20) is divided by 139?
3
Let g be (-21 - 459) + 9 + -1. Let f = 492 + g. What is the remainder when 205 is divided by f?
5
Suppose 5*t + 13*v - 45 = 12*v, 65 = 5*t - v. Calculate the remainder when (-328)/((-24)/9 + 2) is divided by t.
8
Let q = 435 + -513. Let f = 120 + q. Calculate the remainder when 251 is divided by f.
41
Let h(x) = 12*x**3 + 41*x**2 - 2*x - 17. What is the remainder when 867 is divided by h(-3)?
17
What is the remainder when ((-4876)/(-184)*(-16)/(-14))/(2/77) is divided by 101?
55
Suppose 108 = 2*o - d, 4*o + 2*d = 224 - 16. Suppose l + 39 = 3*k - 0*l, -4*k = -l - o. Suppose -192 = 93*q - 564. What is the remainder when k is divided by q?
2
Let t(m) = -19*m**3 - 69*m - 322. What is the remainder when t(-5) is divided by 80?
78
Suppose 10*x 